= -2 - -6. Suppose -3*r + 13 = 2*j, 5*r = r - o*j + 16. Calculate the remainder when r is divided by 3.
2
What is the remainder when 3 + 0 - 6 - -53 is divided by 17?
16
Suppose 0 = -2*o - 0 + 12. Calculate the remainder when 52/4 + 1 + 1 + 1 is divided by o.
4
Let n = -19 + 41. Calculate the remainder when n is divided by 9.
4
Let f(u) be the second derivative of -5*u**3/6 - 3*u**2 - 5*u. What is the remainder when 55 is divided by f(-5)?
17
Let c = -4 + 12. Calculate the remainder when 45 is divided by c.
5
Let i = 75 - 51. Suppose 2*r + i = 6*r. What is the remainder when 11 is divided by r?
5
Suppose r - 40 = -5*m, -m + 0*m - 76 = -4*r. Suppose r = 4*g - 20. Calculate the remainder when 29 is divided by g.
9
Suppose 0 = j + 4*j - 255. What is the remainder when j is divided by 13?
12
Let b = 12 - -29. Suppose -2*f = 3*r - 52, -5*f + 2 = -r - 9. Calculate the remainder when b is divided by r.
13
Let w(j) = 3*j - 1. Calculate the remainder when 27 is divided by w(5).
13
Calculate the remainder when 97 is divided by ((-165)/60)/((-1)/12).
31
Suppose 1 = h + y, -1 = -3*h + 7*h + 5*y. Suppose 0 = -2*g - 5*p + 42, g + 3*g + p = 48. Calculate the remainder when g is divided by h.
5
Suppose y - 1 = 4. What is the remainder when 24 is divided by y?
4
Let r = 13 - -14. Let x = r - 14. What is the remainder when ((-15)/(-6) + -2)*50 is divided by x?
12
Suppose -3*w = -2*l - 11 - 6, -2*l = -4*w + 22. Suppose -7*f + 4 + 87 = 0. Calculate the remainder when f is divided by w.
3
Let n(p) = -36*p - 1. Suppose -2 = -3*q + 13. Suppose -2*s - 6 = -w - q*s, 4 = -s. What is the remainder when n(-1) is divided by w?
17
Suppose 3*q + 4 + 5 = f, 0 = -4*q - 3*f + 1. Let k = 19 - 14. What is the remainder when k is divided by (-1 - 1)*q/2?
1
Let z be (-3)/(-12) + 10/(-8). Let m = 1 + z. What is the remainder when 44 is divided by 15 - (-2)/6*m?
14
Suppose -3*m = 4*y - 125, 0*m - m + 3*y = -46. Calculate the remainder when m is divided by 9.
7
Let d(v) = v + 7. Let w be d(-7). Suppose w = -0*r - 4*r + 12. What is the remainder when r is divided by (-2)/4 - 10/(-4)?
1
Suppose -h = h - 346. What is the remainder when h is divided by 58?
57
Suppose -4*t + n = -2*n - 74, 0 = -4*t - n + 66. Calculate the remainder when t is divided by 10.
7
Let l = 65 + -35. Calculate the remainder when l is divided by 8.
6
Suppose -3 = -2*p - 5. Let b(q) = -q + q**2 - 2*q**3 + 2 - 1 + 2*q - 5*q**3. What is the remainder when 13 is divided by b(p)?
5
Suppose -2*x = 4*s + 2*x - 212, -x = -5*s + 241. Calculate the remainder when s is divided by 25.
24
Suppose 2*y = 4*t - 3*y - 1, 3 = y. Let z = -70 - -84. Calculate the remainder when z is divided by t.
2
Let z = 114 + -35. Calculate the remainder when z is divided by 41.
38
What is the remainder when 15 is divided by (3 - -5)*1/2?
3
Let v(s) be the second derivative of -s**5/20 - s**4/12 - s**3/6 + 2*s. What is the remainder when v(-4) is divided by 18?
16
Let b = -11 + 11. Let d(m) = m**2 + 59. What is the remainder when d(b) is divided by 15?
14
Suppose -2*i + 95 = -5*o - 60, o = -1. Calculate the remainder when i is divided by 13.
10
Calculate the remainder when (-1)/((-3)/12) - -67 is divided by 24.
23
Let t be (-4)/(-10) + (-8)/(-5). Suppose 3*q = t*q + 3. Suppose -3*p = k - 15, 0 = -q*p + 2*k + 2*k + 30. Calculate the remainder when p is divided by 4.
2
Suppose o + 3*o - 20 = 0. Suppose -2*v - 80 + 9 = -3*d, o*d + 3*v = 112. What is the remainder when d is divided by 8?
7
Let v(f) = 4*f**3 - 11*f**2 + f + 1. Let l(y) = 5*y**3 - 12*y**2 + 2*y + 1. Let o(t) = 5*l(t) - 6*v(t). Calculate the remainder when 10 is divided by o(-5).
2
Let l = -51 + 121. Calculate the remainder when l is divided by 18.
16
Suppose 3 = 4*h - 1, 3*b + 5*h = 23. What is the remainder when 33 is divided by b?
3
Suppose 0 = 2*a + 4*o - 194, 3*a - 81 = 2*o + 218. Let b = -67 + a. Calculate the remainder when b is divided by 11.
10
Let g = -5 + 37. What is the remainder when g is divided by 11?
10
What is the remainder when (2/4)/(10/1100) is divided by 29?
26
Suppose 0 = 4*f - 20 - 12. Calculate the remainder when 269 is divided by f.
5
Suppose -6*r = -4*r - 68. Suppose 0 = u - 0*u - r. Calculate the remainder when u is divided by 9.
7
Let w = -69 - -73. Calculate the remainder when 11 is divided by w.
3
Let p be 6 + 1/((-3)/6). Suppose g + 5 = 4*d - 3*d, 2*g = p*d - 14. Suppose -d*c - 79 + 221 = 0. Calculate the remainder when c is divided by 18.
17
Suppose -27 = 4*t - 7*t. Suppose 0 = 2*o - 3*d - 24 + 3, 0 = -5*d - 15. Suppose -o + 26 = 4*x. Calculate the remainder when t is divided by x.
4
Calculate the remainder when (-44)/(1 - (-15)/(-10)) is divided by 15.
13
Let s = -128 + 219. Suppose -4*n + 0*n + 13 = o, -s = -4*o - 3*n. Suppose -53 = -5*w - 8. Calculate the remainder when o is divided by w.
7
Let g = 47 + -32. Suppose -r = -6*r + 15. Suppose -a + w = 5 - 50, r*a + 5*w - 119 = 0. What is the remainder when a is divided by g?
13
Let j = 44 - 17. Let i(f) = f**2 + f - 3. Let k be i(-3). Let w = k - -11. Calculate the remainder when j is divided by w.
13
Let i = -9 - -23. Calculate the remainder when 69 is divided by i.
13
What is the remainder when 27 is divided by (-4)/(-1) + 130/13?
13
Suppose 4*l + 4 = -3*q, 2*q = 5*l - 16 - 2. Let o = -15 + 47. Suppose r = -l + o. Calculate the remainder when r is divided by 16.
14
Suppose -8 = -v + 5. Let u(y) = 3*y**2 - 4*y + 6. What is the remainder when u(4) is divided by v?
12
Let i be (2 + -3)/((-5)/(-350)). Let a be i/21 - (-2)/(-3). Let j(l) = -l**3 - 4*l**2 - 2*l - 2. What is the remainder when j(a) is divided by 4?
2
Suppose -2*n + 75 = 3*n + 3*z, 3*z + 60 = 4*n. Calculate the remainder when 88 is divided by n.
13
Let q = 31 + 27. Suppose 20*s - 21*s = -q. Calculate the remainder when s is divided by 20.
18
Suppose 3 + 1 = l. Suppose -3*z - 2*q = -7, 0 = 5*q - 10*q - 20. Calculate the remainder when z is divided by (l/10)/(12/60).
1
Suppose b = 2*l - 17, l = 2*l - 2*b - 16. Calculate the remainder when l is divided by 2.
0
Let i = -38 - -49. Calculate the remainder when i is divided by 2.
1
Let b(q) = q**3 + 10*q**2 - 2*q - 9. Let d be b(-10). Suppose 4 = -4*f, 3*v - 64 = 3*f + d. Suppose -w + v = 2*w. What is the remainder when 15 is divided by w?
7
Let l(h) = 2*h - 9. What is the remainder when l(11) is divided by 5?
3
Suppose 12 = 4*h - 0. What is the remainder when ((-1)/3)/((-3)/18) is divided by 4/h*6/4?
0
Suppose -7*n + 8*n - 9 = 0. Suppose 0 = 2*h - 7*h + 15. What is the remainder when n is divided by h?
0
Let v(q) = q**3 + 13*q**2 + 11*q - 5. Let y be v(-12). Let c = -1 + y. What is the remainder when 21 is divided by c?
3
Suppose -4*h - w + 8 = -9*h, -4 = 3*h - w. Calculate the remainder when 58/8*-2*h is divided by 15.
14
Let c(s) = -s**3 - 6*s**2 + 7*s + 3. Let q be -1 + (-2 - -4) - -8. Let b = q - 5. What is the remainder when b is divided by c(-7)?
1
Suppose 0 + 2 = -o. Suppose -4*x - 3*r - 2*r + 24 = 0, -5*x = 5*r - 30. What is the remainder when 0 + 16 - (-2 - o) is divided by x?
4
Let i(s) = s - 1. Let u be i(1). Suppose -3*r = -16 - 38. Let f = u + r. Calculate the remainder when f is divided by 10.
8
Let q = 1 + -1. Suppose 0 = 2*k + 3*f - 37, 3*f = -q*k - 5*k + 106. What is the remainder when k is divided by (0 - -15)*(-12)/(-15)?
11
Let v = -54 - -91. Suppose 0 = -t - t - 4. What is the remainder when v is divided by 13*1/(-2)*t?
11
Let r = 30 + 29. Calculate the remainder when r is divided by 15.
14
Let q be ((-1)/(-2))/(5/(-10)). Let y be 9/3 - q/(-1). Suppose y*p - 2 = 24. Calculate the remainder when 38 is divided by p.
12
Let x be 3 - (2 + (-2)/2). Suppose x*d = d - 2. Let a = 13 + d. What is the remainder when 30 is divided by a?
8
Suppose -3*v - 9 = -2*v. Let k(u) = u**3 + 8*u**2 - 9*u + 13. Suppose 3*t - 81 - 27 = 0. Calculate the remainder when t is divided by k(v).
10
Let f be -75*(-1)/6*-2. Let n = f - -90. What is the remainder when n is divided by 17?
14
Let g = 44 - -16. What is the remainder when g is divided by 21?
18
Suppose -6*r + 1152 = -2*r. What is the remainder when r is divided by 58?
56
Suppose 2*f - 6*i + 3*i = 15, 3*f - 10 = 2*i. Suppose -y + 4 + 5 = f. Calculate the remainder when y is divided by 5.
4
Suppose 56 + 16 = 4*n. Let c(g) = g**2 - 5*g + 2. Let u be